7 - 219674/(-31381))?
4483
Let j = -747 + 2533. List the prime factors of j.
2, 19, 47
Let t(w) = 160*w - 292. List the prime factors of t(13).
2, 3, 149
Suppose -8 = -2*d + 14. Suppose 7*a = d*a - 500. What are the prime factors of a?
5
Let n = 468 + -176. What are the prime factors of n?
2, 73
Suppose 8*r = -265 - 55. Let g(f) = 5*f**3 - 3*f**2 - 2*f. Let w be g(-2). List the prime factors of r/(-6) - (-32)/w.
2, 3
Let k(z) = 84*z + 159. List the prime factors of k(6).
3, 13, 17
Suppose -2*y = -5*o - 580, -3*o - 1180 = -4*y + 2*o. What are the prime factors of y?
2, 3, 5
Let w be 18 - (-1 - (2 - 0)). Suppose w = 2*i - 71. Suppose -5*h + i = -124. What are the prime factors of h?
2, 17
Suppose -3*w - 85 = -370. Let v = -52 + w. List the prime factors of v.
43
Suppose 84 = -16*i + 10*i. Let j = 6 - i. List the prime factors of j.
2, 5
Let b(q) = q**2 - q - 1. Let f(m) = -30*m**2 + 9*m + 3. Let v(s) = -5*b(s) - f(s). What are the prime factors of v(-2)?
2, 5, 11
Let k = -2114 - -4654. What are the prime factors of k?
2, 5, 127
Let m(p) = -p**2 - 5*p + 16. Let x be m(-7). Suppose -9 = l + x*l. What are the prime factors of 75/3 - 0 - l?
2, 7
Let f be ((-5)/3 - 0)*-57. Let z be (-1)/(-4) + f/4. Suppose -2*d + z + 2 = 0. List the prime factors of d.
13
Suppose 5*b = 20 - 0. Let t = 106 + b. What are the prime factors of t?
2, 5, 11
Let i = -763 - -844. List the prime factors of i.
3
Let f = -186 + 17. Let h = f + 273. What are the prime factors of h?
2, 13
Let d(w) = w**2 + w. Let s be d(-2). Let p(c) = s*c - c + 6*c + 4*c - 9. What are the prime factors of p(4)?
5, 7
Let h be 7/((4/2)/220). Suppose -2*n + 359 = 4*j - 151, 3*n = -j + h. What are the prime factors of n?
257
Suppose -8 - 1 = -3*c. Let g be 3 + (c - 5/(-5)). Suppose 9*v - 134 = g*v. List the prime factors of v.
67
Suppose 9*c = 4*c - 4940. Suppose -45 = 5*l + 3*x - 3, 16 = -4*l + 2*x. List the prime factors of l/(-10) + c/(-20).
2, 5
Suppose 5*v + 37 = 4*l - 38, l + 6 = -v. Let u = v - -11. What are the prime factors of (224/4)/(u - -2)?
2, 7
Let i = 200 - -396. List the prime factors of i.
2, 149
Let r(p) = -305*p**3 - 3*p - 3. What are the prime factors of r(-1)?
5, 61
Suppose -5*i - 548 = -9*i. Suppose -169 + 37 = -2*z. Let f = i - z. What are the prime factors of f?
71
Let c(d) = -d**3 + 16*d**2 - 7*d + 7. Let z = 20 + -5. List the prime factors of c(z).
127
Let w = 1384 - 570. What are the prime factors of w?
2, 11, 37
Let c(r) = -r**2 - 9*r + 7 - 4*r**2 - 3*r**2 - r**3. Suppose -3*p + 48 = -5*q + 7, p - 23 = 3*q. What are the prime factors of c(q)?
3, 7
Suppose -2*x = 4, -s - 5*x = -2*s + 4505. What are the prime factors of s?
5, 29, 31
Let i = -3163 - -4520. What are the prime factors of i?
23, 59
Let v(m) = m - 11. Let u be v(0). Let s(j) be the first derivative of j**2/2 + 24*j - 11. What are the prime factors of s(u)?
13
Suppose -4*r = -n - 70 - 1069, -1 = -n. Suppose 8*c = 5*c - 2*i + r, 190 = 2*c + 2*i. List the prime factors of c.
5, 19
Let o(n) = 2*n**2 + 1 - 2*n**3 + n**3 + 2*n + 0*n**3. List the prime factors of o(-3).
2, 5
Let x(u) = u**3 + 16*u**2 - 3*u - 4. Let o = 23 + -39. What are the prime factors of x(o)?
2, 11
Let d be (4/6 + 0)*15. Let u = -6 + d. Suppose 0*l = u*l - 36. What are the prime factors of l?
3
Let k = -1758 - -2389. List the prime factors of k.
631
Let o be (5/(-2) - -3)*0. Suppose 3*a + a = o. Let d(c) = c**2 - c + 13. What are the prime factors of d(a)?
13
Let v = 5618 + -3872. List the prime factors of v.
2, 3, 97
Suppose -402742 + 81729 = -77*m. List the prime factors of m.
11, 379
Let x(j) = j**2 + 2*j + 1767. What are the prime factors of x(0)?
3, 19, 31
Suppose -13*n + 280 = 59. Suppose -7*u + n*u - 650 = 0. What are the prime factors of u?
5, 13
Suppose 0 = -5*y + 3*c - 4886 + 14538, 0 = -4*y + c + 7723. What are the prime factors of y?
1931
Let q(u) = 2*u**2 - 5*u - 3. Let s be q(-4). Suppose 0 = l - 4*x + 54, 7*x = l + 2*x + s. List the prime factors of 28/(-21) + l/(-6).
11
List the prime factors of (14/(-10) - -1)/(11/(-10285)).
2, 11, 17
Let i = -25 + 37. Let z(t) = t**3 - 11*t**2 - 3*t - 28. What are the prime factors of z(i)?
2, 5
Suppose -295 = -12*r + 7*r. What are the prime factors of r?
59
Suppose -5694 = -2*h - 3*g + 8*g, 0 = -g. List the prime factors of h.
3, 13, 73
Suppose 4*b + m + 849 = 7*b, 2*m = 2*b - 562. What are the prime factors of b?
2, 71
Suppose 7*g - 5*j = 8*g - 4616, 0 = -2*g - 4*j + 9208. What are the prime factors of g?
2, 3, 383
Let t = 1764 + -770. List the prime factors of t.
2, 7, 71
Suppose 26*h + 87*h = 297642. List the prime factors of h.
2, 3, 439
Suppose 86*s = 84408 - 2880. What are the prime factors of s?
2, 3, 79
Suppose 0 = -2*r + 41 + 163. Suppose r = 5*a - 8. Suppose -j + 13 = i, -a = -2*i + j + 1. What are the prime factors of i?
2, 3
Let c(y) = y**2 + 6*y + 13. Let i be c(-4). Suppose -i*l + 148 = -402. List the prime factors of l.
2, 5, 11
Let k(t) = 2*t**2 + 5*t - 12. Let f be k(5). Let o = f + -3. Suppose o + 28 = 4*c. What are the prime factors of c?
2, 11
Suppose 2*x + 4*b + 36 - 126 = 0, 4*x + 3*b = 200. Let m(l) = 27*l**3 - l**2 + l + 1. Let z be m(-1). Let w = x + z. What are the prime factors of w?
5
Suppose -25 = -5*t - 3*v, 3*t + v + v = 14. What are the prime factors of t*14 + 2*(-4)/8?
3, 37
Let r = -34 - -253. Suppose -399 = -3*m + r. List the prime factors of m.
2, 103
Let v(n) = 2*n**3 + 2*n**2 + 20*n + 11. What are the prime factors of v(6)?
5, 127
Let t(k) = 25*k**2 + 4*k - 61. Let q(y) = -12*y**2 - y + 30. Let x(v) = -7*q(v) - 3*t(v). List the prime factors of x(-5).
223
What are the prime factors of -3 + ((337 - 0) + 3 - 4)?
3, 37
Suppose -10 = -13*p + 12*p. Suppose -p*n - 5 = -5*n. What are the prime factors of ((n - 2) + 5)*1?
2
Let m(x) be the first derivative of x**4/2 - 5*x**3/3 + 4*x**2 - 6*x - 14. What are the prime factors of m(4)?
2, 37
Let g be (-8)/32 - (-1674)/8. Let z = g - 35. List the prime factors of z.
2, 3, 29
Suppose -2*c = -2*d, -18 + 0 = -4*d - 5*c. Let l(f) = -f**3 + 4. Let i be l(0). What are the prime factors of (-1)/(i/(-4))*d?
2
Let x be 34*12/(6 - 2). Let v(t) = -t**3 + 6*t**2 - 9*t + 3. Let m be v(3). Suppose -m*o + x = -93. List the prime factors of o.
5, 13
Let p(a) = 50*a**2 + 10*a + 5. Let l(g) = -33*g**2 - 7*g - 3. Let v(b) = -8*l(b) - 5*p(b). What are the prime factors of v(3)?
11, 13
Let x = 1059 - 582. List the prime factors of x.
3, 53
Suppose 8*y = 3*y - 65. Let d(h) = -h**2 - 15*h + 27. What are the prime factors of d(y)?
53
Let k be (7 - 10) + (-12 - (1 - 1)). Let v(h) = h**2 + 14*h + 35. What are the prime factors of v(k)?
2, 5
Let t(v) = -v**2 + 10*v - 3. Let r be t(4). What are the prime factors of 1470/r + 0 + 5?
3, 5
Let v be -2 + (1 - -2)/(-3) + 3. Let x(w) = -w**2 + 7*w + 28. List the prime factors of x(v).
2, 7
Let t(u) = 46*u - 31. List the prime factors of t(5).
199
Suppose 0 = -8*a + 14*a + 36. List the prime factors of ((-13)/2 - -5)*a.
3
Let v = 52 - 71. Let g = v - -56. List the prime factors of g.
37
Let v(c) = -c**3 - 3*c**3 - 4*c**2 + 3*c**3 + 2*c. Let j be v(-5). What are the prime factors of (-58 - -3)*(-6)/j?
2, 11
Let m be (-1)/((-3)/(-4))*(-18)/12. Suppose -5*f = m*d - 751, 5*f - 6 = d + 736. What are the prime factors of f?
149
Suppose -38*t + 4026 = -16*t. What are the prime factors of t?
3, 61
Let j = -13 - -13. Suppose -5*f + 4*x + 321 + 229 = 0, -2*x - 10 = j. List the prime factors of f.
2, 53
Let n be 1*((0 - -4) + 501). Suppose 0 = -17*r + 12*r + n. What are the prime factors of r?
101
Suppose -5*a = 15, a - 2*a - 9 = -3*h. Let m be h/((-6)/(-51)) + -2. Suppose -m + 33 = 2*q. What are the prime factors of q?
3
Let f be (0 + 3/(-1))*(58 + -8). Let v = f - -238. What are the prime factors of v?
2, 11
List the prime factors of (3/4)/((-12)/(-12656)).
7, 113
Let a = -2 - -2. Suppose 3*j = -9 + 75. Suppose -z + 2*c + j = 6, a = 4*c. What are the prime factors of z?
2
Let s(z) = -z + 9. Let h be s(5). Suppose h*l = -6 + 30. Let f = l + 7. List the prime factors of f.
13
Let u(z) = -4*z - 16. Let m be u(-6). Let l(w) = 4*w**2 - 8*w + 18. Let a be l(m). Suppose 0 = -6*c - 30 + a. List the prime factors of c.
2, 3, 5
Let h = 9546 + -5370. What are the prime factors of h?
2, 3, 29
Suppose -5*v - t = -4*t - 88